ed by 10.
9
Calculate the remainder when 19857268 is divided by 380.
368
Calculate the remainder when 2182410 is divided by 436462.
100
Calculate the remainder when 102095348 is divided by 13.
4
What is the remainder when 247784 is divided by 935?
9
Calculate the remainder when 2026734 is divided by 2026524.
210
What is the remainder when 7126713 is divided by 7332?
9
Calculate the remainder when 5523121 is divided by 613651.
262
Calculate the remainder when 13190039 is divided by 885.
884
What is the remainder when 4697058 is divided by 15?
3
What is the remainder when 13635019 is divided by 63125?
19
Calculate the remainder when 437219 is divided by 109241.
255
Calculate the remainder when 486429 is divided by 1049.
742
What is the remainder when 67951799 is divided by 60?
59
Calculate the remainder when 233625368 is divided by 466.
462
Calculate the remainder when 1403085 is divided by 155822.
687
Calculate the remainder when 229942 is divided by 229917.
25
Calculate the remainder when 3607400 is divided by 23890.
10
What is the remainder when 4097975 is divided by 2767?
48
Calculate the remainder when 451608 is divided by 1261.
170
Calculate the remainder when 6050618 is divided by 264.
2
Calculate the remainder when 19919673 is divided by 3983934.
3
What is the remainder when 146243 is divided by 2986?
2915
What is the remainder when 22312 is divided by 1542?
724
What is the remainder when 248806 is divided by 10366?
22
What is the remainder when 1515000 is divided by 117?
84
What is the remainder when 10568855 is divided by 147?
143
Calculate the remainder when 66908 is divided by 1334.
208
What is the remainder when 1650349 is divided by 1559?
927
What is the remainder when 45234 is divided by 4523?
4
What is the remainder when 10382 is divided by 772?
346
Calculate the remainder when 3888607 is divided by 253.
250
What is the remainder when 482105 is divided by 13771?
120
Calculate the remainder when 913756 is divided by 60915.
31
Calculate the remainder when 2887876 is divided by 9376.
68
Calculate the remainder when 299415 is divided by 1367.
42
What is the remainder when 968548 is divided by 484237?
74
Calculate the remainder when 123899666 is divided by 30974915.
6
What is the remainder when 2808807 is divided by 2808749?
58
Calculate the remainder when 147471 is divided by 36706.
647
What is the remainder when 11993540 is divided by 202?
194
Calculate the remainder when 2231521 is divided by 2423.
2361
What is the remainder when 95668814 is divided by 3302?
3270
Calculate the remainder when 4937046 is divided by 2468523.
0
Calculate the remainder when 1749180 is divided by 391.
237
Calculate the remainder when 161712 is divided by 483.
390
What is the remainder when 942277 is divided by 7480?
7277
Calculate the remainder when 49819395 is divided by 12454845.
15
What is the remainder when 367159 is divided by 412?
67
Calculate the remainder when 1769693 is divided by 888.
797
Calculate the remainder when 91669342 is divided by 104.
102
Calculate the remainder when 484014 is divided by 21961.
872
Calculate the remainder when 5281837 is divided by 80.
77
What is the remainder when 17346 is divided by 711?
282
What is the remainder when 859454 is divided by 149?
22
What is the remainder when 23436762 is divided by 138679?
11
What is the remainder when 353234 is divided by 10076?
574
Calculate the remainder when 88996 is divided by 8738.
1616
Calculate the remainder when 1716275 is divided by 572041.
152
Calculate the remainder when 4322571 is divided by 16885.
11
What is the remainder when 8415556 is divided by 1035?
1006
What is the remainder when 239028 is divided by 119514?
0
What is the remainder when 86885 is divided by 359?
7
Calculate the remainder when 19289 is divided by 1836.
929
Calculate the remainder when 61170748 is divided by 250.
248
What is the remainder when 28802942 is divided by 12986?
12980
Calculate the remainder when 2081269 is divided by 1040619.
31
Calculate the remainder when 2421525458 is divided by 97.
95
Calculate the remainder when 1031499 is divided by 38203.
18
What is the remainder when 1255988 is divided by 139541?
119
Calculate the remainder when 95199576 is divided by 71.
7
Calculate the remainder when 1444647 is divided by 443.
24
What is the remainder when 928646 is divided by 364?
82
Calculate the remainder when 32328957 is divided by 8082238.
5
Calculate the remainder when 10619904 is divided by 2003.
2001
Calculate the remainder when 16569571 is divided by 731.
725
What is the remainder when 122662875 is divided by 107?
1
What is the remainder when 17850593 is divided by 1615?
1613
Calculate the remainder when 135008 is divided by 13481.
198
What is the remainder when 150401 is divided by 211?
169
What is the remainder when 39972749 is divided by 108?
5
What is the remainder when 19476 is divided by 218?
74
Calculate the remainder when 149048 is divided by 828.
8
What is the remainder when 51828 is divided by 48919?
2909
What is the remainder when 11411219 is divided by 197?
191
What is the remainder when 394900 is divided by 1586?
1572
What is the remainder when 25143227 is divided by 304?
299
What is the remainder when 18049354 is divided by 117?
115
Calculate the remainder when 411891 is divided by 137209.
264
What is the remainder when 28761995 is divided by 3195773?
38
What is the remainder when 3415373 is divided by 4685?
8
Calculate the remainder when 6790214 is divided by 61.
60
What is the remainder when 1709422 is divided by 2047?
177
What is the remainder when 3303023 is divided by 660601?
18
What is the remainder when 13476899 is divided by 374355?
119
What is the remainder when 309929653 is divided by 376?
373
Calculate the remainder when 7198398 is divided by 3599193.
12
Calculate the remainder when 67678 is divided by 2812.
190
Calculate the remainder when 15623 is divided by 1006.
533
What is the remainder when 7140718 is divided by 69?
46
What is the remainder when 505696426 is divided by 9?
7
Calculate the remainder when 11367687 is divided by 5721.
60
What is the remainder when 109544 is divided by 81?
32
Calculate the remainder when 48441570 is divided by 1145.
55
What is the remainder when 4170106 is divided by 128?
122
Calculate the remainder when 2012331 is divided by 402465.
6
Calculate the remainder when 41436 is divided by 3073.
1487
Calculate the remainder when 395039258 is divided by 460.
458
What is the remainder when 176260 is divided by 14678?
124
What is the remainder when 841231 is divided by 5259?
5050
What is the remainder when 17676 is divided by 5891?
3
Calculate the remainder when 503441 is divided by 1147.
1055
Calculate the remainder when 853145 is divided by 853144.
1
Calculate the remainder when 135353406 is divided by 104.
6
What is the remainder when 5953897 is divided by 1760?
1577
What is the remainder when 4593283 is divided by 255166?
295
What is the remainder when 45276702 is divided by 101064?
30
What is the remainder when 129346 is divided by 32304?
130
Calculate the remainder when 22873159 is divided by 475.
9
Calculate the remainder when 1327537 is divided by 11155.
92
What is the remainder when 70404 is divided by 3599?
2023
What is the remainder when 3094235 is divided by 2570?
2525
What is the remainder when 4376927 is divided by 2183?
12
What is the remainder when 13355078 is divided by 339?
173
Calculate the remainder when 282761279 is divided by 192.
191
Calculate the remainder when 1204981 is divided by 2211.
2197
What is the remainder when 13987 is divided by 435?
67
Calculate the remainder when 795931 is divided by 772.
771
Calculate the remainder when 549460917 is divided by 369.
360
What is the remainder when 43940 is divided by 14644?
8
What is the remainder when 109677837 is divided by 12?
9
Calculate the remainder when 1511178927 is divided by 477.
474
What is the remainder when 86091 is divided by 620?
531
What is the remainder when 136577844 is divided by 5297?
5293
Calculate the remainder when 445662 is divided by 89130.
12
Calculate the remainder when 174923423 is divided by 228.
227
What is the remainder when 383064 is divided by 8706?
0
What is the remainder when 33685 is divided by 2512?
1029
What is the remainder wh